m be (-11)/(2*(-5)/10). Let o = m - -12. Calculate the remainder when 42 is divided by 3 - (o + 1)/(-4).
6
Let a be ((-142)/(-4))/(1/(-2)). What is the remainder when 4/(12/153) - 5 is divided by 1/3 + a/(-3)?
22
Suppose u = 4*t - 6 - 2, 0 = -u - 4. Suppose 0 = 3*h + 9, -k = h + t - 18. What is the remainder when k is divided by 11?
9
Suppose -4*g - 50 = 5*b, -8*b = -g - 3*b. Let y = g + 38. Suppose -f - 4 = 4*a, f - y = -f + 4*a. Calculate the remainder when 19 is divided by f.
3
Suppose -2*x + 374 = 2*i - 96, -4*x = 2*i - 944. Calculate the remainder when x is divided by 14.
13
Let j = -22 - -102. Suppose 2*l = j + 108. What is the remainder when l is divided by 19?
18
What is the remainder when 244 is divided by ((-2)/(-4))/((-4)/(-152))*1?
16
Let l(m) = 15*m + 158. Suppose -32 = -5*i - 7. Calculate the remainder when l(-9) is divided by i.
3
Let b = -49 + 43. Let f = 10 + b. What is the remainder when 23 is divided by f?
3
Let y(w) = -w**3 + w + 101. Suppose 95*b = -26*b - 17*b + 3588. Calculate the remainder when y(0) is divided by b.
23
Let w = -391 - -444. Calculate the remainder when 74 is divided by w.
21
Let h = 514 - 455. Calculate the remainder when 152 is divided by h.
34
Suppose -41*g + 66*g - 12175 = 0. Calculate the remainder when g is divided by 11.
3
Suppose 19*x = -9*x + 1820. Calculate the remainder when x is divided by 11.
10
Let s be 7*1*8/28. Suppose 0 = -5*i - 3*q + 122, -s*q - q = -4*i + 76. Calculate the remainder when 85 is divided by i.
19
Suppose -24 = -3*m + o, 4*m - o = -3*o + 32. Suppose -3*w + 4*j = -6 + 1, -m = -w - 5*j. Suppose w*c - 5 - 40 = 0. What is the remainder when c is divided by 9?
6
Suppose p + 10*n - 14*n = 10, 5*n - 10 = -p. Calculate the remainder when 63 is divided by p.
3
Suppose 3*m + 3*v - 39 = 0, -13*m = -10*m - 5*v - 31. Suppose -4*k - k + 5 = 0, 5*o - 2*k = 103. What is the remainder when o is divided by m?
9
Let r(l) = l**3 - 10*l**2 + 2*l - 24. Let a be r(10). Let t be 44*(a - 14/(-4)). Let y = 41 + t. Calculate the remainder when y is divided by 11.
8
Suppose 2*s = -3*s + 5*d + 185, -2*s - 5*d + 95 = 0. Let m = -13 + s. What is the remainder when m is divided by 5?
2
Suppose 0*b - 828 = 9*b. Let a = b + 118. Calculate the remainder when 128 is divided by a.
24
Suppose 9*g - 508 = 149. Let v = -62 + g. What is the remainder when (-91)/(-3) + (-10)/(-15) is divided by v?
9
What is the remainder when 860 is divided by 22 + (15/12)/(5/20)?
23
Suppose -2*j + 132 = -5*j. Let g = j - -49. What is the remainder when g is divided by 3?
2
Suppose y + 164 = 3*d - 50, -2*y = 8. Let c(i) = 6*i**2 - 2*i - 2. What is the remainder when d is divided by c(2)?
16
Suppose -5*k + 8*k = -72. Let w = k + 36. Suppose 5*c = 2*z - 80, 10*z - 4*c = 6*z + 148. Calculate the remainder when z is divided by w.
11
Suppose 6*z = 2403 - 2295. What is the remainder when 196 is divided by z?
16
What is the remainder when (11 - 10)*(0 + -1)*-187 is divided by 21?
19
Suppose -8 = 26*g - 22*g. What is the remainder when 46 is divided by 23 + -2 + 2/g + 4?
22
Let f = 1056 + -799. What is the remainder when f is divided by 46?
27
Let u = -1064 + 1076. What is the remainder when 287 is divided by u?
11
What is the remainder when 165/(-66) + 286/4 is divided by 8?
5
Let c = -232 - -294. What is the remainder when c is divided by (24/(-5))/((-9)/30)?
14
Let z(g) = 3*g**2 + 3*g + 32. What is the remainder when z(-5) is divided by ((-9)/9)/(1/(-12))?
8
Suppose 19*d + 1170 = 58*d. Calculate the remainder when 112 is divided by d.
22
Let x = 91 - 72. What is the remainder when 113 is divided by x?
18
Let w = -1216 - -1222. What is the remainder when 101 is divided by w?
5
Let b be (2 + -1)/(11/506). Let s = -42 + b. Calculate the remainder when 7 is divided by s.
3
Let c(n) = -25*n - 3. Suppose 2*u + 0*z - 2*z = 4, 2*z = 4*u - 2. Let k = 26 + u. What is the remainder when c(-5) is divided by k?
22
Suppose 4*s - 1067 = -7*s. Calculate the remainder when s is divided by 20.
17
Let t(h) = 2*h**3 + 62*h**2 - h + 41. What is the remainder when 150 is divided by t(-31)?
6
Let t = 198 - 280. Let y = t + 99. What is the remainder when y is divided by 5?
2
Let h = -1397 - -1745. Calculate the remainder when h is divided by 39.
36
Let n(s) = -6*s + 227. Calculate the remainder when n(10) is divided by 24.
23
Suppose 3*n = 5*u + 1423, 4*u + 342 = -3*n - 818. Let j = -201 - u. Calculate the remainder when j is divided by 22.
20
Let p be (-2)/1 - -1 - -57. Suppose s - p = -4*u, 0*s + 41 = 3*u + s. Calculate the remainder when 58 is divided by u.
13
Let k be 1 + -1 + 5 - -1. Suppose -3*r + 15 = -3*z + 4*z, 4*z = 3*r. Calculate the remainder when 68/6 + (-2)/k is divided by r.
3
Suppose 3*n + 3*v - 364 = 74, 3*n - 2*v = 438. What is the remainder when n is divided by 41?
23
Suppose -v - 12 = -i, -i + 0*i + 36 = -3*v. Let x(k) = -10*k**3 + k + 1. Calculate the remainder when (-3)/(v/164) - 4 is divided by x(-1).
7
Let v = -10 - -16. Let x(w) = w**3 - 7*w**2 + 9*w - 6. What is the remainder when 26 + (0 - (9 + -4)) is divided by x(v)?
9
Suppose -65 = -5*x - 5*c, 0*c + 3*c + 29 = x. Suppose -h + 3 = -x. Suppose 5*t + h = 3*f, 2*f - 5*t = -t + 10. Calculate the remainder when 29 is divided by f.
14
Let b(r) = r**2 - 6*r + 4. Let x be b(6). Let i be (-49)/2*(-144)/84. Suppose x*f + 14 = 4*z + i, 3*z = 9. What is the remainder when 29 is divided by f?
9
Let n be -1 + 1 - 370/10. Let j = -84 - n. Let v = -25 - j. Calculate the remainder when 43 is divided by v.
21
Let q be (6/(-8))/3 - 31103/(-76). Suppose 0 = 2*r + 4*d + 143 - q, -4*d + 135 = r. Calculate the remainder when r is divided by 44.
43
Suppose 58*y - 416 = 32*y. Suppose 3 = o - 2. Suppose 0 = 3*a - 2*a - 5*q + 1, -2*a + 28 = o*q. What is the remainder when y is divided by a?
7
Suppose -1050 = 7*l - 13*l. Suppose -l = -5*x - 70. What is the remainder when 40 is divided by x?
19
Suppose 0 = -3*c + c - 20. Let y be 5/c*2*-2. Suppose -s = -y*v - 8, -3*v + 9 = -0*v. What is the remainder when 54 is divided by s?
12
Let j = -51 - -98. Let k = j + -19. What is the remainder when k is divided by (1 + 2)/((-25)/(-125))?
13
Let x(g) = 4*g**2 - 14*g - 5. Let u(v) = -v**2 + v + 1. Let o(b) = -3*u(b) - x(b). Let j(n) = 34*n**2. Calculate the remainder when j(-1) is divided by o(10).
10
Calculate the remainder when (3*8/(-10))/((-52)/910) is divided by 11.
9
Suppose 0*y = y - 60. Suppose -h + y = 3*h. Calculate the remainder when -1 + ((-43)/1)/(-1) is divided by h.
12
Let u = 242 - 220. Calculate the remainder when u is divided by 6.
4
Let a(n) = -57*n - 127. Calculate the remainder when a(-5) is divided by 95.
63
Let t = -1894 - -2317. What is the remainder when t is divided by 44?
27
Let g(c) = -9*c**2 + 3*c - 1. Let j be g(1). Let h(y) = -2*y - 2*y + 14 - 2*y. Calculate the remainder when h(j) is divided by 19.
18
Let j = -10 - -34. Let a = -15 - -12. What is the remainder when a/(194/(-94) - -2) is divided by j?
23
Suppose -15*c + 13*c + 2 = 0. Calculate the remainder when 45 is divided by c.
0
Let u = -125 + 141. Let s = -9 + 16. Let j(t) = t**2 - 5*t - 5. Calculate the remainder when u is divided by j(s).
7
Suppose -2*r + 8 + 4 = 0. Let l(o) = -6 - 3*o**3 + 4*o**3 - 5*o**2 + 0*o**2 - 5. What is the remainder when l(r) is divided by 7?
4
Let i be (-44)/33*18/4. Let s be ((-6)/(-5))/(i/(-20)). Suppose s*u = a - 0*u + 9, 2*u = -a + 9. What is the remainder when 6 is divided by a?
0
What is the remainder when 297 - (15/60 + (-15)/(-4)) is divided by 65?
33
Suppose -4*g + 100 = 6*g. What is the remainder when 12 is divided by g?
2
Let m(b) = 3*b + 44. Let u be m(-13). What is the remainder when 37 is divided by 4 + (-24)/6 + u?
2
Suppose 3*s - 9 = 3. Suppose 0 = -4*k - 2*h + 5*h - 17, -s*k + h = 27. Calculate the remainder when 15 is divided by (-2 + -1)/(6/k).
3
Let a be 4/(-14) - (-2448)/42. Let k = a - 3. Calculate the remainder when k is divided by 15.
10
Suppose 3*q - 41 - 7 = 0. Suppose -2*y + 71 = -51. What is the remainder when y is divided by q?
13
Let s(k) = -7*k - 289. Calculate the remainder when 57 is divided by s(-42).
2
What is the remainder when 72 is divided by 53/6*3 + (-3)/2?
22
Let d(x) = 103*x**2 + 12*x - 14. Calculate the remainder when 1612 is divided by d(1).
97
Let f(x) be t